 = 7*g(u) - 3*k(u). Determine p(-2).
6
Let o(z) be the first derivative of z**2 + 3 + 2/3*z**3 - z. What is o(1)?
3
Let s(j) = -j**2 - 18*j - 45. Let a be s(-4). Let z(r) = -3*r + 25. Give z(a).
-8
Let j = -64 + 66. Let g be 4 - (9 - (j - -3)). Let d(b) = -b**3 - b**2 - b + 20. What is d(g)?
20
Let b(j) be the second derivative of j**4/12 + j**3 + 3*j**2/2 + 5*j - 4. Give b(-2).
-5
Let n(g) = 3*g + 9. Suppose -100 = -7*c + 187. Let d = c - 48. Calculate n(d).
-12
Let b(q) = -5*q + 42. Let t(m) = 2*m + 1. Let o(k) = -b(k) - 5*t(k). Let a be o(-8). Let r(i) = i**3 + 7*i**2 + 2*i + 7. Give r(a).
-7
Let m(v) = v**2 - 8*v + 3. Suppose 9*l - 132 = -2*l. Suppose -4*i - 17 = 3, y - l = i. Calculate m(y).
-4
Let l = -91 - -93. Suppose 0*q + 2*q = 26. Suppose -3*s = -l - q. Let j(u) = 2*u. Give j(s).
10
Let t(w) = -w + 1. Let p = 945 + -942. Give t(p).
-2
Let k(s) = -s**2 + 8*s - 15. Let c(m) = m**3 + 3*m**2 + 3. Let t be c(-2). Let w be k(t). Let y(v) = -v**2 - 8*v + 8. Determine y(w).
8
Let m(z) be the second derivative of -z**5/20 - 3*z**4/4 - 5*z**3/3 - 2*z**2 + 79*z. Calculate m(-7).
-32
Let t(d) be the third derivative of -d**4/12 - 2*d**3 - 40*d**2. Let m = 11 - 20. What is t(m)?
6
Let j(a) = -2*a**2 + 59*a - 89. Let n be j(28). Let d(b) = b**2 - 4. Calculate d(n).
21
Let d(r) = 6*r + 4*r - 18*r + 7*r + 1. Let x(i) = -i**3 + i. Let v be x(-2). Give d(v).
-5
Let n(x) be the second derivative of -x**3/2 + 2*x. Let m be ((-91)/182)/(1/(-2)). Determine n(m).
-3
Let k be (-16)/104 + 4/26. Let t(m) be the second derivative of 3*m + 1/6*m**3 + k - 3*m**2. Determine t(5).
-1
Let h(p) = p**3 + 3*p**2 - 4*p + 3. Let k(f) = f**3 - 4*f**2 + 4*f. Let i be k(4). Let o = -20 + i. Calculate h(o).
3
Let s(n) = 4*n + 14. Let t(k) = 5*k + 16. Let h(y) = 3*s(y) - 2*t(y). Calculate h(-8).
-6
Suppose 7*r - w = 3*r - 8, 2*w = -8. Let z(p) = -p**3 - 3*p**2 + 4. Give z(r).
4
Let c = -33 + 36. Let w(v) = 3*v**2 - v - c*v**3 + 4*v**3 - 4 + 0*v**3 - 1. What is w(-4)?
-17
Let v(j) = 38*j + 14. Let y(r) = -13*r - 5. Let z(m) = -6*v(m) - 17*y(m). Let u = -128 - -144. Suppose -18*d = -10*d + u. Determine z(d).
15
Suppose 3*m = -p + 6 + 16, -5*p - 16 = -3*m. Let n(j) = j**3 - 6*j**2 - 5*j - 15. What is n(m)?
-1
Let o(n) = n**2 + 2*n + 2. Let a be ((-3)/(-2))/(2/(-4)). Determine o(a).
5
Let y = 158 + -158. Let t(v) = -v**2 - v + 1. Give t(y).
1
Let p(z) = -2*z**2 + z - 1. Suppose -23 = -2*s + 2*y - 7, 5*y - 5 = -4*s. Suppose t + 14 - 5 = 2*o, 0 = -s*o + 2*t + 20. What is p(o)?
-7
Let o(y) = 61*y + 484. Let h be o(-8). Let n = 15 + -10. Let p(w) = -6*w**2 + 0*w**2 + n*w**2 - 3*w + 1. Calculate p(h).
-3
Let s(j) = 6*j**3 - 2*j**2 + j. Let h be s(1). Suppose -2*c - v - 50 = -6*v, h*v + 40 = -4*c. Let t be c/6*(-8)/10. Let r(p) = -p - 2. Determine r(t).
-4
Let n be (-3)/(-1) + (-4)/4. Let y(l) = 6*l + 5 - 5*l**n + 2*l**3 - 3*l**3 + 3. Let g = 13 - 19. What is y(g)?
8
Let m be (2/1 + 3)*3/3. Suppose -4*h = v - 13, 5*v = -2*h - m - 2. Let p(c) = c**3 - 6*c**2 + 4*c - 4. What is p(h)?
-20
Let r(u) = -2*u - 33. Let y be r(10). Let q = y - -57. Let j(n) = -n**3 + 5*n**2 - n + 2. Give j(q).
14
Let g(w) = 3*w**2 - 2*w. Let f be g(-4). Suppose 3*a - f = -a. Let t = a - 19. Let d(i) = 3*i + 6. Calculate d(t).
-9
Let w = 480 - 484. Let v(j) = j + 2. Give v(w).
-2
Let n be 2*((-3)/3 + 3). Let v(a) = 3*a - 8 - a + 2 + 3 - a. Determine v(n).
1
Let v(z) = 4*z - 1. Let j = 30 + -31. Let i(a) = a - 1. Let n(o) = j*v(o) + 6*i(o). What is n(4)?
3
Let m(g) = -1816 + 1808 + 2*g - 3*g**2 - 39*g. Determine m(-12).
4
Let c(y) = y**3 - y**2 + 3*y - 1. Suppose 0 = -2*n - 4*a + 2, -5*n = -6*n - 3*a. Give c(n).
26
Let m = 41 + -24. Suppose -3*f + m - 2 = 0. Let z(v) = v**3 - 4*v**2 - 6*v + 4. What is z(f)?
-1
Suppose 0 = 6*k - 3*k - 9. Let i(j) be the first derivative of -j**4/4 + j**3 + 3*j**2/2 + j - 437. What is i(k)?
10
Let i(c) = 4*c - 1. Suppose 17 = 5*t - 9*t + w, -4*w = 4*t - 8. What is i(t)?
-13
Let c(f) = 3*f**3 - 3*f**2 - 2*f**2 + 6*f - 2*f**2 - 9 - 2*f**3. Suppose -4*k + 3*a = 2*a - 23, -a = -k + 5. Determine c(k).
-9
Let k be 4*(-46)/(-8) - 5. Suppose -8*c + 90 = k. Let q(r) = -r**3 + 10*r**2 - 9*r + 7. Give q(c).
7
Let c(p) = 4*p - 1. Let g(h) = 3*h. Suppose 6 = -2*r + 10. Let d(j) = -39*j. Let o(t) = r*d(t) + 27*g(t). Let m(b) = 4*c(b) - 5*o(b). Give m(-4).
-8
Let n(f) = 10 + 11 - 5*f + 7 - 27. Let z be n(1). Let j(k) be the first derivative of k**4/4 + 5*k**3/3 + k**2 + 4*k + 2. Determine j(z).
12
Let u(x) be the first derivative of 0*x**2 - 1/4*x**4 + 0*x**3 - 8 - 6*x. Suppose -g = g. Give u(g).
-6
Let z(g) = -5*g**2 + 9*g - 5. Let v(p) = 5*p**2 - 11*p + 7. Let b(f) = 2*v(f) + 3*z(f). What is b(2)?
-11
Let m(t) be the third derivative of -t**6/120 - t**5/10 + t**4/24 + t**3 - 3*t**2. Suppose 0 = 4*z - 5*z + 57. Let n = z - 63. Calculate m(n).
0
Let s(b) = -6*b + 2. Let l = 16 + -20. Let i be (l/6)/((-7)/21). Determine s(i).
-10
Let g(m) be the first derivative of -m**3/3 + m**2/2 + 3*m + 156. What is g(3)?
-3
Let n(d) = -3*d + 1 - 2 + 4*d. Suppose -2*g - 4*t - 10 = 0, 10*t - 8*t - 7 = 3*g. Calculate n(g).
-4
Let y(s) = s**3 - 6*s**2 - 5*s - 8. Let g be y(7). Suppose -2*i + g*i + 16 = 0. Let j(x) = x**3 + 2*x**2 - 5*x + 2. Give j(i).
-10
Let h(d) = 384*d**3 - 195*d**3 + 6*d**2 - 190*d**3 + 3 + 3 - 2*d. What is h(6)?
-6
Let w(u) = -u**2 + u - 1. Let f(x) = x**2 - 7*x + 8. Let j be f(5). Give w(j).
-7
Let g be -2 + -3 - (1 + -6) - 9. Let w(z) = z**3 + 10*z**2 + 9*z + 8. What is w(g)?
8
Let m(d) = 3*d + 1. Let q(o) = 10*o + 6. Let x(t) = 3*m(t) - q(t). Let v = 11 + -7. Determine x(v).
-7
Let k(v) = 2*v**2 + 5*v. Let w(m) be the first derivative of m**3/3 + 9*m**2/2 + 4*m + 11. Let h be w(-8). What is k(h)?
12
Let q(g) = -13*g + g**3 - 11*g + 6*g**2 + 35*g - 6*g - 3. Let l be 4/(-3)*(5 - 2). What is q(l)?
9
Let u(x) be the first derivative of -x**2/2 + 6*x + 8. Determine u(8).
-2
Let b be (-54)/(-21) - 15/(-35). Let x(c) = -b*c**2 + 2 - 2 + 1 + 3*c. What is x(3)?
-17
Let r be (-58)/145 - (1 - 51/15). Let l(o) = 3*o - 1. Determine l(r).
5
Suppose -2*z = 3*x - 37, 5*x + 2*z = 16 + 39. Let w(c) = c**3 - 9*c**2 + c - 3. Determine w(x).
6
Let f(l) be the first derivative of 0*l**6 - 6 + 0*l + 1/105*l**7 + 0*l**4 + 0*l**2 + 2/3*l**3 + 0*l**5. Let z(v) be the third derivative of f(v). Give z(-1).
-8
Suppose 5*b + 340 = -4*z, -b + 158 = 5*z + 562. Let f = -85 - z. Let w(s) = 2*s**2 + 8*s + 5. Give w(f).
15
Suppose -186*h + 178*h - 72 = 0. Let g(s) = s**2 + 8*s - 7. What is g(h)?
2
Let j(y) be the third derivative of y**4/24 - 3*y**2. Let u be j(2). Let d(b) = u - 3*b**2 + 2*b**2 + b - 4*b + 1. Determine d(-5).
-7
Let t(p) be the first derivative of 9/2*p**2 - 9 - 1/4*p**4 - 7/3*p**3 + 4*p. Let q = 16 + -24. What is t(q)?
-4
Let v(b) = b**3 + 13*b**2 - 14*b - 1. Let f be 732/(-33) + 8 - (-2)/11. Give v(f).
-1
Let o(f) = -f**3 - 1. Let x(v) = -7*v**3 - 8. Let t(g) = -24*o(g) + 3*x(g). Let a(k) = -k - 2. Let h = -6 + 3. Let n be a(h). Give t(n).
3
Let j(b) = -3*b - 2. Let h be j(-2). Let q(z) = 13 - h*z**2 - 6 + 5*z**2 + 4*z + 2*z. Give q(-5).
2
Let i(s) = -2*s + 41. Let j = -2150 - -2167. Calculate i(j).
7
Let v(u) = 3*u**2 + 19 - 5 + 24*u - 12*u. Let x(o) = 2*o**2 + 6*o + 7. Let w(n) = 4*v(n) - 7*x(n). Let s(t) be the first derivative of w(t). Calculate s(4).
-10
Suppose -4*f - 42 = -0*h - 5*h, 5*h = 3*f + 39. Suppose u - 3*u - 9 = 5*m, -u = 4*m + h. Let z(g) = 17*g**2 - g - 1. Determine z(m).
17
Let u = -12 + 18. Suppose 5*q + 10 = 5*z, 2*q = 5*z - 0*z - 16. Let i(k) = k**3 - 9*k**q + 5*k**2 + 3*k**2 + 8*k - 8 - 6*k**2. Give i(u).
4
Let q(c) = 35*c - 213. Let n be q(6). Let k(y) = y**2 + 5*y + 3. What is k(n)?
-3
Suppose -14 = -2*b + 2*o, -b - 5 + 2 = o. Let j(k) = -k**3 + 3*k**2 + 3*k - 5. Let d(i) = -6*i**3 + 16*i**2 + 16*i - 25. Let r(m) = b*d(m) - 11*j(m). Give r(0).
5
Let s(f) = 3*f**3 + 11*f**2 - 19*f - 19. Let l(w) = -w**3 - 6*w**2 + 9*w + 9. Let n(b) = 5*l(b) + 2*s(b). Let g be (-3 - (-5 - -3))*(-16)/(128/56). Give n(g).
7
Suppose 13 = 10*p + 53. Let r(f) = -f**2 - 9*f - 2. Let d(z) = 2*z**2 + 17*z + 4. Let a(l) = -3*d(l) - 5*r(l). What is a(p)?
6
Let y(v) = -24*v**2 + 20*v - 41. Let h(z) = -7*z**2 + 7*z - 14. Let a(x) = 7*h(x) - 2*y(x). Determine a(7).
-2
Let q(j) = 2*j. Let w(o) = -2*o**2 + 